et v(g) = g**3 - 15*g**2 - 16*g + 11. Let t be v(16). Let h be (-2)/1*t/((-77)/140). Suppose 45*k - h*k + 35 = 0. Let y(w) = w**2 + 9*w + 8. What is y(k)?
-6
Suppose 4*p - 184 = -4*i, -1333*p + 70 = -1332*p + 4*i. Let m(a) = a**3 - 40*a**2 + 74*a + 87. What is m(p)?
11
Let o(y) = y - 2. Let h(p) = 6*p - 11. Let b(f) = 2*h(f) - 11*o(f). Let q be (0/(-1) - -2)/(-1). What is b(q)?
-2
Suppose -2*c - 5*l - 67 = 0, 0 = 3*c - 164*l + 170*l + 84. Let r(s) = 3*s - s**3 + 2 + 12*s**2 + 3*s**3 - 2*s. Give r(c).
-4
Let i(g) = 3*g + 18. Let l(v) = 5*v + 21. Let k(w) = -3*i(w) + 2*l(w). Let d = 86 + -86. Give k(d).
-12
Let c be 40/(-25)*(-5)/2. Suppose -j - 4*j = c*n - 10, 5*n - j = 27. Let d(m) = m - 2. Calculate d(n).
3
Let m(a) = 541 - 30*a + 575 - a**2 - 1177. Give m(-28).
-5
Let i(o) = -3*o - 2. Let n(f) = -f - 1. Let v(s) = 3*i(s) - 8*n(s). Let m be v(5). Let u be (63/(-84))/(m/20). Let k(b) = -b + 4. Determine k(u).
-1
Let v(d) = -d**3 + d**2 - d. Let i(z) be the first derivative of z**4/4 + z**2/2 + 10*z + 85. Let c be i(-2). Determine v(c).
0
Let t(o) = -1134*o - 5675. Let l be t(-5). Let h(v) = 3*v**2 + 12*v - 17. Calculate h(l).
-2
Suppose 16094*d = 16085*d - 180. Let v(c) = -2*c**3 - 42*c**2 - 39*c + 27. What is v(d)?
7
Let u(r) = 59*r - 17. Let f(d) = -51*d + 15. Let v(l) = 6*f(l) + 5*u(l). What is v(3)?
-28
Let j(y) be the third derivative of -7*y**6/120 - 5*y**4/24 + 5*y**3/6 + 3650*y**2. Calculate j(2).
-61
Suppose -3*l = -107 + 89. Let t(a) = 8*a**3 - 16*a**3 + l*a**2 + 3 + 4*a**2 + 7*a**3 + 2*a**3 + a. Determine t(-10).
-7
Let c be (10 + -4 - (0 + 2))*1. Let m(s) = -2*s - s + 14*s - 6 - 7*s. Give m(c).
10
Let u(v) = 5*v**3 - v**2 + 5*v - 3. Let n = 2327 - 2326. Calculate u(n).
6
Let m(k) = k - 1. Let r be m(4). Let s(z) = r - 2*z - 4 + z**2 + 4*z. Suppose -34*d + 20*d = -28. Calculate s(d).
7
Let n = 145 - 96. Suppose -n = -15*g + 26. Let d(c) = c**3 - 6*c**2 + 5*c - 4. What is d(g)?
-4
Let d(s) = -8 + 218*s - 221*s - 475*s**3 + 474*s**3 + 8*s**2. Let l be (11 + -12)/(2/(-14)). Give d(l).
20
Let w(t) be the second derivative of t**4/2 - 7*t**3/6 - 9*t**2/2 + 74*t + 26. Determine w(4).
59
Let p be (-9)/(-18)*(0 + 3 + -3). Suppose 0 = 2*y + d - 24, p = 3*y - 4*d - 2 - 12. Let f(n) = -n**2 + 10*n + 7. Give f(y).
7
Let m(h) = 7*h - h**2 - h - h - 3*h**3. Let i = 9147 + -9151. Let x(d) = 7*d**3 + d**2 - 10*d. Let q(g) = i*x(g) - 9*m(g). Determine q(4).
-4
Let j(m) = -m**2. Let u(h) = 8*h**2 - h. Let s(a) = 4*j(a) + u(a). Let x be 6 + 48/4 - 19. Calculate s(x).
5
Let o(q) = -20 + 6 + 12 - q**2 - 20 - 20*q + 9. Let w = 10 + -29. Determine o(w).
6
Let l(y) = -y**2 - 1. Let r be -1 + -3 - -21 - 1. Let h = r + 32. Let v = h + -48. Give l(v).
-1
Let n(u) = 0*u**2 + 2 + 3*u - 3*u**2 + 4*u**2. Let q be (0 - -2)*2460/24. Let a = 201 - q. What is n(a)?
6
Let c(o) = o**2 - 19*o + 1. Suppose 11*f = 7*f + 92. Suppose 16*y + f*y = 741. Give c(y).
1
Let i be ((-675)/54 - -14)*(-14)/3. Let m(q) = 2*q**3 + 19*q**2 + 34*q - 8. Determine m(i).
-1
Let g(t) = -t - 10. Let f be g(-11). Let k(r) = -3*r + 5. Let j(w) = 5*w - 11. Let x(y) = -4*j(y) - 9*k(y). Determine x(f).
6
Let f(r) = r**3 + 7*r**2 - 9*r - 8. Let p be f(-8). Let x(b) be the third derivative of b**6/120 - b**4/24 + 35*b**3/6 - 130*b**2. Calculate x(p).
35
Let k(m) = -16*m**3 + 11*m**2 - 11*m - 201. Let z(i) = 7*i**3 - 6*i**2 + 5*i + 86. Let x(v) = 3*k(v) + 7*z(v). Calculate x(9).
17
Let h(v) be the first derivative of -v**3/3 - 2*v**2 + 3*v + 61. Let s(p) = -1. Let d(f) = -h(f) - 6*s(f). Calculate d(-5).
8
Let s(u) = 54*u - 2*u - 6*u - 60*u + 14 + 6*u**2 + u. Calculate s(1).
7
Suppose -4*w + i + 13 = -0*i, -6 = 2*w + 2*i. Let o be 5 - (w - -3 - 0). Suppose 81*u - 82*u + 7 = o. Let c(n) = -n**2 + 8*n - 9. Calculate c(u).
-2
Let h(c) = 7*c**2 - c - 5. Let r(i) = i**2 + i. Let a(b) = h(b) - 6*r(b). Let m be (8 + (-45)/6)/((-1)/20). Let l be 5 - (-32)/(-96)*(m + 1). Calculate a(l).
3
Let m(s) = 5468*s - 27338. Let w be m(5). Let u(f) be the second derivative of -f**3/6 - f**2 - f. Determine u(w).
-4
Let q(o) = 3*o**3 - 43*o**2 + 26*o + 143. Let h(r) = 2*r**3 - 29*r**2 + 17*r + 99. Let l(u) = 7*h(u) - 5*q(u). Calculate l(11).
-22
Let u(q) be the third derivative of 7*q**4/24 + 2*q**3/3 + 1547*q**2. Suppose 4*k + 0*x - 14 = x, 3*x + 21 = 5*k. Determine u(k).
25
Let c = 275 - 111. Let r = c - 40. Let w(a) = 2 + r*a - 119*a + 1. Determine w(3).
18
Suppose 6*f = -843 + 1179. Suppose -58*v = -51*v + f. Let i(k) = k**3 + 9*k**2 + 8*k + 11. Determine i(v).
11
Let b(h) = 2*h**3 + 10*h**2 - 298*h + 32. Let o be b(-15). Let k(s) be the first derivative of 1/2*s**o + 9*s + 22. Give k(0).
9
Let y(q) = 37756 - 75535 + 37766 - q. Calculate y(-9).
-4
Let v(t) = 6*t**2 + 7 - 23*t - 7*t**2 - 8*t - 7 + 38. Give v(-32).
6
Let a(h) = -h. Let m(n) = -n + 7. Let u(c) = -2*a(c) + m(c). Let g(k) = k - 2. Let d(q) = -q + 2. Let t(s) = 6*d(s) + 4*g(s). Let f be t(5). Give u(f).
1
Let y(u) be the second derivative of u**5/10 - 17*u**4/12 + 5*u**3/3 - 9*u**2/2 + 191*u + 7. Give y(8).
7
Let b(q) = 3412*q + 3433*q - 6836*q + 27. Give b(-12).
-81
Let m(h) = -h**2 - 26*h + 219. Let n be (-17 - -15)*336/21. What is m(n)?
27
Let i(m) = -37*m**2 - 82*m - 29. Let x be i(-2). Let n(p) = -p - 4. Calculate n(x).
9
Let l(d) = 6*d**3 - 51*d**2 - 5*d - 2. Let x(h) = -5*h**3 + 39*h**2 + 6*h + 2. Let p(k) = -4*l(k) - 5*x(k). Determine p(-10).
-2
Let x(p) = 14 + p**2 + 323*p - 203*p - 111*p. Give x(-9).
14
Let b(r) be the third derivative of r**7/2520 + r**6/720 + r**5/24 + 61*r**4/6 - 2*r**2 + 96*r. Let k(a) be the second derivative of b(a). Determine k(-6).
35
Let b(p) be the first derivative of -11*p**2/2 - 17*p + 28. Let m(k) = -9*k - 16. Let n(r) = -5*b(r) + 6*m(r). What is n(9)?
-2
Let q(z) = -485*z + 2425. Let t be q(5). Let x(s) be the first derivative of -3 + 0*s**2 - 1/3*s**3 + 1/4*s**4 + t*s. Give x(3).
18
Let q(v) = -3*v - v + 10840 + 0*v - 10862. What is q(9)?
-58
Let h(t) = 15*t - 223. Let c(v) = -47*v + 683. Let z(d) = -2*c(d) - 7*h(d). What is z(17)?
8
Suppose 4*f = 5*f - 3*a + 8, 4*a = -2*f + 24. Let p(o) = -f*o - 3 - o**3 - 9 - 6 + 15 - 4*o**2. Calculate p(-2).
-3
Let o(s) = 3919 - 1915 + 22*s - 1945. Calculate o(-2).
15
Let u(g) = -8*g**3 - 31*g**2 + 18*g - 27. Let r(h) = h**3 + h**2 - h + 1. Let i(o) = 6*r(o) + u(o). Let b be i(-13). Let w(d) = d - 2. What is w(b)?
-10
Suppose 9*y + 92 + 7 = 0. Let r(w) = 2*w**3 + 21*w**2 - 11*w - 6. Calculate r(y).
-6
Let d(s) = 34650*s**2 - 125 + 84 + 13*s - 34649*s**2. Calculate d(-13).
-41
Let o(q) = -1 + 5*q**2 - 6*q - 4*q**2 - 3. Let w = 386 - 435. Let c = -43 - w. Give o(c).
-4
Let p(y) be the second derivative of -y**3/6 + 5*y**2 + 16*y - 3. Let b(u) = u - 4. Let s be b(8). Let a be (s/(-10))/(1/(-15)). What is p(a)?
4
Let b(i) = -i + 4. Let y(a) = a**3 + 6*a**2 + 4*a - 1. Suppose -5*p + 17 = 7. Let n(f) = -2*f**3 + f**2 + 4*f - 1. Let z be n(p). Let k be y(z). Calculate b(k).
0
Let m(r) = 4*r**2 + 3*r + 3. Let s(x) = -x**2 - 14*x + 575. Let n be s(-32). Determine m(n).
4
Let b(n) = -271*n**3 - n**2 - 5 - n**2 + 263*n**3 + 6. Suppose -8*q - 5 = -3*q. Determine b(q).
7
Let y(w) be the first derivative of 5/3*w**3 + 112 - 3/2*w**2 - 2*w + 1/4*w**4. Calculate y(-5).
13
Let a = 70 + -65. Let s(d) = 7*d**2 - 2 + 0*d**2 - a*d - 4*d**2 + 6. Calculate s(3).
16
Let o(y) = y**3 + 9*y**2 + 5*y + 43. Suppose -4*w - b + 65 = 96, w - 2*b = -19. Give o(w).
-2
Let j(d) = d**3 - 28*d**2 + 3*d - 79. Suppose -71 = -2*a - 5*n, 5*a - 145 = n - 8. Calculate j(a).
5
Let x(i) = -22 + 9*i + 17*i + 4*i - 10*i - 7*i. Calculate x(5).
43
Let p(h) = h**3 + 9*h**2 + h - 24. Let r = -779 + 771. Calculate p(r).
32
Let x(a) be the second derivative of a**5/20 - 4*a**4/3 - 8*a**3/3 + 2*a - 77. What is x(-1)?
-1
Let j = 16 - 12. Let b(c) = c**2 - 3*c + 1. Let h be b(j). Let s(f) = -h + 575*f**2 + 4 - f - 574*f**2. Give s(0).
-1
Let f be (2*48)/((-2 + 7)/(-5)). Let m = 83 + f. Let v be (m - -1)*18/(-54). Let a(p) = p - 3. Determine a(v).
1
Let w(u) = -11*u - 7. Let d = -3801 + 3801. Determine w(d).
-7
Let w(n) be the third derivative of 1/12*n**4 - 75*n**2 + 1/6*n**3 + 0*n + 0 + 13/60*n**6 + 1/30*n**5. Calculate w(-1).
-25
Suppose -2*l - h = 24, -4*l + 2*h - 11 = 37. Let s(p) be the third derivative of p**4/12 + 10*p**3/